d 477.
9
Suppose -93 + 21 = -3*r. Suppose 8*a + 689 = 5*x + 11*a, 9*x - 3*a - 1215 = 0. Calculate the highest common factor of r and x.
8
Let g = 122 - 102. Suppose -g*z - 300 = -45*z. What is the greatest common divisor of 4 and z?
4
Let o be ((-45)/25)/((-1)/95). Let j = o - 139. Calculate the highest common factor of j and 104.
8
Suppose -2*r - 2*r + 10*n = -1466, -3*r + 2*n + 1105 = 0. What is the highest common factor of 387 and r?
9
Let c = -116 - -136. Let t = 34 - c. Let w(v) = -v + 70. Let a be w(0). What is the highest common divisor of a and t?
14
Let m(l) = 47*l**2 + 24*l - 27. Let c be m(-3). Calculate the highest common divisor of 48 and c.
12
Let r be ((-4)/(-12))/(2/30). Let y be 2 - (2 - r/1). Calculate the highest common factor of y and 1.
1
Suppose -137 = 3*s + 12*c - 7*c, -5*s = c + 199. Let t be ((-9)/6)/((-15)/470). Let r = s + t. What is the highest common factor of r and 2?
2
Let q be (1 + 0)*(13 - 0). Suppose 23*h = -10*h - 9900. Let o be (9 - h/(-36))*858/4. Calculate the greatest common divisor of q and o.
13
Suppose 2*g + 6 = 0, 343 = 2*k + 8*g - 13*g. Let c = -148 + k. Suppose -4*z = 3*s - 67, s + 8 = 3*z - 39. What is the highest common divisor of c and z?
16
Let v = 44437 + -19237. What is the highest common factor of v and 36?
36
Suppose 5*s = 109 + 896. Let h = s - 111. What is the greatest common divisor of 6 and h?
6
Suppose 3*n - 1522 + 128 = -2*d, 0 = d + 4*n - 697. Calculate the greatest common divisor of d and 3.
1
Let n(s) = -3*s - 7. Let k be n(-4). Let g be k - 9 - -2*3. Suppose 646 = 7*j + 12*j. What is the highest common factor of j and g?
2
Let b(f) = -5*f + 98. Let t be b(16). Let l be (2 + 0)/(-2)*-12. Let c = l + t. What is the highest common divisor of 30 and c?
30
Let q be (-3)/(-3 - -2) - -46. Let x = q - 44. Suppose -88 = -x*z - 8. Calculate the highest common factor of 8 and z.
8
Let m = -8020 + 8083. Calculate the highest common divisor of 225 and m.
9
Let c be -160*((-9)/15)/((-76)/(-95)). Calculate the greatest common divisor of c and 288.
24
Let c be (-2298)/(-8) + (-135)/60. What is the highest common divisor of 15 and c?
15
Let l be (-10)/125 + (-982616)/(-200) + -7. Calculate the greatest common factor of l and 1115.
223
Let t be (-3 + 7/3)/((-6)/45). Suppose 3*v + 5*u + 44 = 6*v, -t*u = 5. What is the greatest common divisor of v and 416?
13
Let v = -59 - -60. Let d(q) = 23*q - 13*q**2 + 8 - 50 - v + 12*q**2. Let s be d(20). What is the highest common divisor of 17 and s?
17
Suppose 5 = i + 4*v - 2*v, 2*i + v = 19. Suppose -10*y + i*y - 265 = 0. Calculate the greatest common factor of y and 53.
53
Let c be (-6 - -4)/(((-256)/72968)/16). What is the greatest common divisor of 14 and c?
7
Let k(s) be the third derivative of -5/6*s**4 + 0 + 0*s + 23*s**2 - 28/3*s**3. Let o be k(-19). Calculate the greatest common factor of o and 36.
36
Let a be (-2)/5 - (2826/(-15) + 1). Let g = a - -107. Calculate the highest common factor of 6 and g.
6
Let s(d) = 2*d**3 - 5*d**2 + 4*d. Let m be s(3). Let u(a) = -2*a**2 + 135*a + 10. Let j be u(67). What is the highest common divisor of j and m?
7
Suppose 2201 - 9896 = 5*a. Let k = a + 3102. Suppose -3*b - 3*g + k = 579, -3*b + 3*g = -1014. What is the highest common divisor of 37 and b?
37
Suppose -8*t = -12*t + 4*w + 68, 0 = 3*t - w - 41. What is the highest common divisor of 486 and t?
6
Suppose 9306 = 7*l - n, -5*l + 80*n - 78*n + 6642 = 0. Calculate the greatest common divisor of l and 5054.
266
Let f be 6/28 - 861/(-98). Calculate the greatest common divisor of f and 11.
1
Suppose 0*b - 990 = -2*z + 4*b, 0 = 5*z + 4*b - 2405. Let d = -77 - -77. Suppose 2*f - z + 105 = d. What is the greatest common divisor of f and 76?
38
Let b be (84 + -86)/((-4)/34). Calculate the highest common factor of 3230 and b.
17
Let d(z) = -z**3 - 12*z**2 - 47*z. Let r be d(-8). Calculate the highest common divisor of r and 525.
15
Let k(x) = 371*x**3 - 11*x**2 + 12*x - 1. Let y be k(1). Suppose 8*v - 79 = -23. What is the greatest common divisor of y and v?
7
Let x(k) = 1 + 23*k**2 - 7*k + 5*k + 14*k**2. Let n be x(1). Let i = 1349 - 953. Calculate the highest common factor of n and i.
36
Let w(x) = -19*x + 10. Let d = 330 + -349. Let k be w(d). What is the greatest common divisor of 53 and k?
53
Let t(h) = 88*h**2 + 83*h + 238. Let s be t(-3). What is the greatest common divisor of s and 213?
71
Suppose -26*m + 77*m = 714. What is the highest common factor of 3682 and m?
14
Suppose 3*t - 2*t + 11 = 5*x, -3*t - 9 = -3*x. Suppose 776 = 4*z + 9*k - 5*k, 3*z = x*k + 572. What is the highest common factor of 12 and z?
12
Let k = 389 - 190. Let i = -196 + k. Let v(g) = g**3 - g**2 + 3. Let b be v(3). What is the greatest common factor of i and b?
3
Suppose -28*c = -1496 + 180. What is the highest common factor of 1504 and c?
47
Let c be ((-7)/14)/(2*(-2)/408). Let w be 1/(-3*(-1)/c). Let s = 28 - w. Calculate the highest common divisor of s and 77.
11
Let k(p) = 537*p - 4457. Let r be k(9). What is the highest common factor of r and 64?
8
Suppose 48*g - 30*g - 52*g + 714 = 0. Let s(c) = -c**2 + 13*c + 7. Let r be s(6). What is the greatest common divisor of r and g?
7
Suppose -18*x - 14781 + 5709 = 0. Let g = x + 530. What is the greatest common divisor of g and 26?
26
Let b(g) = g**3 - 8*g**2 - 21*g + 87. Let v be b(10). Calculate the greatest common divisor of 451 and v.
11
Suppose -10*b + 65 = 3*b. Suppose -5*g = c - b*c - 2348, -2*c = 4*g - 1868. What is the highest common divisor of g and 78?
78
Let k(b) = 53*b + 1222. Let i be k(24). What is the greatest common factor of 58 and i?
58
Suppose 0 = -k + 5*p + 49, -10*k = -7*k - 2*p - 43. Let n(g) = -g + 9*g**2 - 1 - 2 - g. Let f be n(3). What is the highest common factor of f and k?
9
Let t be (-19)/((-342)/4)*9 - -55. Calculate the highest common factor of 152 and t.
19
Let n be 130 + -127 + (1674/1 - 0). Suppose 0*z + 3*z = 4*l - 1683, -4*l - 3*z + n = 0. Calculate the highest common factor of l and 180.
60
Suppose -13 = -5*p + 2. Let r(y) = 2*y**2 - 2*y + 2. Let g be r(p). What is the greatest common divisor of 35 and g?
7
Let d = -153 - -89. Let i be (-6)/(198/d - -3). Let w be -7*4/(-12)*3 - -1. Calculate the highest common divisor of i and w.
8
Let q(v) = 38*v**2 - 120*v + 230. Let a be q(2). Calculate the highest common factor of a and 2.
2
Suppose 30 = -10*w + 290. Let d(r) = 4*r**3 + r**2 - 5*r + 8. Let u be d(4). What is the highest common factor of u and w?
26
Suppose 5*v + 3*p - 243 = 0, 2*v - 3*p - 135 + 42 = 0. Let m = 1 + 4. Suppose -2*y + m*y = 240. What is the highest common divisor of y and v?
16
Suppose -k - 3*d + 575 = 0, -k = -14*d + 13*d - 539. What is the greatest common factor of k and 22?
2
Let v = -4 - -20. Suppose -2 = -3*n - 4*x - v, 2*n - x + 13 = 0. Let t = n - -9. Calculate the greatest common factor of t and 3.
3
Let s be 217/4 + 1/(-4). Let w(v) = 1114*v - 132053. Let a be w(119). Calculate the greatest common divisor of a and s.
27
Let a be 7*1/(7/12). Suppose g - 3 = -5*n - 7, -n - 35 = 4*g. Let w be (195/g + 3)*(-54)/21. What is the highest common divisor of a and w?
12
Suppose 5*b - 2*w = 102, 2*b = 6*b + w - 79. Let g = -163 - -623. Calculate the highest common factor of b and g.
20
Suppose -16893 = 65*v - 95*v - 1593. Calculate the greatest common factor of 6290 and v.
170
Let w(x) = -95*x - 8268. Let c be w(-108). Calculate the highest common factor of c and 42.
6
Let g(l) = -2*l**3 - 11*l**2 - 6*l + 13. Let y be g(-6). Let c = 129 - y. Let d be 1 - ((-5)/(-20) - 26/8). Calculate the highest common factor of d and c.
4
Let c = 5396 + -5005. Calculate the greatest common factor of c and 690.
23
Let h = 3226 + -3178. Calculate the greatest common factor of 384 and h.
48
Let q be ((-30)/24)/5*-16. Suppose q*k + 3*p = 1015, -3*k - 2*p + 7*p = -754. Calculate the greatest common factor of 46 and k.
23
Suppose 4*u - 306 = 7*u. Let g = u - -132. What is the greatest common divisor of 330 and g?
30
Let a(s) be the first derivative of s**4/4 + 5*s**3/3 - s**2/2 + 95. Let y be a(-4). What is the greatest common factor of 180 and y?
20
Suppose -7*m = -6*m - 10. Let v = 1561 + -1331. Calculate the greatest common factor of m and v.
10
Suppose 53*q = 26*q + 35*q - 4888. Let m(l) = -l**2 + 